e factors of h.
5
Let c(q) = q + 17. Let f be c(-9). Let o = f + -5. Suppose y - 5*z - 8 = 6, o*y - 10 = -z. What are the prime factors of y?
2
Suppose 0 = 6*u - 10 - 2. Let g = -28 - -20. Let j = u - g. List the prime factors of j.
2, 5
Let h(r) = -r**3 - 3*r**2 + 3*r + 3. List the prime factors of h(-5).
2, 19
Let b = -5 + 5. List the prime factors of 23 - (-3 + (5 - b)).
3, 7
List the prime factors of 104/3 - (-1)/3.
5, 7
Let n = 93 - 60. What are the prime factors of n?
3, 11
Let b(g) = -g**2 + 5*g. Let h be b(5). Suppose -36 = -3*z - h*z. List the prime factors of z.
2, 3
Suppose -30 = -5*l - 2*n - 2*n, -n = 5. Suppose 3*t = -2*t - 3*w - 2, -3*t - 4*w = l. Suppose -t*o + 33 = o. What are the prime factors of o?
11
Let i be (-2)/(3/((-18)/4)). Let v = 28 + i. What are the prime factors of v?
31
Suppose 0 = -0*c + 4*c + 76. Let s = 27 + c. What are the prime factors of s?
2
Let f = 60 + -28. What are the prime factors of f?
2
Let z(j) be the second derivative of j**6/360 - 7*j**5/120 + 3*j**4/8 + j**3/6 + j. Let s(g) be the second derivative of z(g). List the prime factors of s(6).
3
Suppose -b - 16 = -2*u - 2*u, 23 = 5*u - 2*b. Suppose 5 = 4*q + z, -u*q + 2*z = 2*q - 16. Suppose 0 = -c + q + 4. List the prime factors of c.
2, 3
Let i = 0 + 4. Suppose i*y + 5*x - 49 = 0, -7*y - 4*x + 59 = -2*y. What are the prime factors of y?
11
Let n(c) = c**3 + 3*c**2 - 2. Let w be n(-2). Suppose -3*s + 45 = 5*g + s, s - 18 = -w*g. List the prime factors of 92/6 + 6/g.
2
Suppose -9 = -4*q + q. Suppose -2*c = h + q, 0 = h - 2*c - 1 - 0. What are the prime factors of 2 + h - (-21)/3?
2
Let p = 77 - 14. List the prime factors of 238/18 - 14/p.
13
What are the prime factors of (45/10)/((-6)/(-16))?
2, 3
Let o(a) = 1 - 2 - a - 3 + 1. List the prime factors of o(-6).
3
Suppose 5*h + 5*u - 2*u = 138, 4*u - 44 = -2*h. List the prime factors of h.
2, 3, 5
Let z(j) = 3*j**2 + 8*j - 20. What are the prime factors of z(-6)?
2, 5
List the prime factors of (2*-50)/((-3)/(-6)*-1).
2, 5
Let m(o) = o**2 + 2*o + 50. Let v be 3/5 - 6/10. What are the prime factors of m(v)?
2, 5
Suppose 18*r - 182 = 11*r. List the prime factors of r.
2, 13
Let t(q) = 2*q**2 - 2*q + 34. What are the prime factors of t(0)?
2, 17
List the prime factors of (-27)/(-12) + -2 - (-1820)/16.
2, 3, 19
Suppose 24 = 2*a + 4*h, h - 20 = -3*a + 3*h. What are the prime factors of a?
2
Let l(z) be the first derivative of -5*z**2/2 - 7. List the prime factors of l(-4).
2, 5
Let q(b) = 2*b - 6. Suppose -3 = -5*r + 7. Suppose -3*m + 3 = 3*x, -2*m - r*m - x = -19. List the prime factors of q(m).
2, 3
Suppose 0 = 3*h - 25 - 68. List the prime factors of h.
31
Let f(k) = -4*k - 5. Let w(z) = -7*z - 10. Let q(d) = 5*f(d) - 3*w(d). Let n be q(0). Suppose 3*h - n = 28. List the prime factors of h.
11
Let j(f) = 6*f**3 - 2*f**2 - 7*f + 5. Let p(y) = 7*y + y**2 - 5*y**3 - 4 + 0*y - y. Let x(o) = -4*j(o) - 5*p(o). What are the prime factors of x(-3)?
2, 3
Let c = 2 - -17. List the prime factors of c.
19
Let g = -121 - -203. List the prime factors of g.
2, 41
Let y = -65 - -20. Let o = y + 64. Suppose -v - 6*q + o = -3*q, -4*q + 20 = 0. List the prime factors of v.
2
Suppose 2*x = 3*x - 29. Let z = 40 - x. List the prime factors of z.
11
Let q = 142 - 63. What are the prime factors of q?
79
Let s(u) = -27*u + 2. List the prime factors of s(-5).
137
Let d(q) = q**3 - 8*q**2 - 7*q - 13. Let s be d(9). Let w = -3 - -7. Suppose -3*l = w*h - 23, -h + 2*h + s*l = -7. List the prime factors of h.
2
Suppose 4*q = -j - q + 14, 0 = -4*j + 3*q + 10. Let c = j + 0. What are the prime factors of c?
2
Let w be (0 - (-6)/(-15))*-45. Suppose 3*m - 15 = w. List the prime factors of m.
11
Let g(j) = 3*j**2 - 3*j**2 + 3 + 3*j**2 - 4*j. List the prime factors of g(3).
2, 3
Suppose -12 = -p - p. Suppose 0 = 3*z + 3*q + q + p, 14 = z - 4*q. What are the prime factors of 1/z + 15/10?
2
Let l(k) = 7*k + 3. Let b be l(-2). Let c = b - -28. List the prime factors of c.
17
What are the prime factors of 24/16*(-1 + 99)?
3, 7
Let m be 16/6*9/6. Suppose 2*w - x = 95, -2*w - 2*x + 100 = -m*x. Suppose -4*y = -y - w. List the prime factors of y.
3, 5
Suppose p + 34 = 3*p. List the prime factors of p.
17
Let m = -7 - -10. Let t be (9/2)/((-2)/(-4)). What are the prime factors of t/6 + m/2?
3
What are the prime factors of (-9)/21 + 164/7?
23
Let y be 2/4*(-5 + 15). Suppose 92 + 3 = y*k. What are the prime factors of k?
19
List the prime factors of (-3 + 6)/((-1)/(-3)).
3
Let j be 1*2/(-4)*-2. Suppose x - 2 = j, 4*w - x = -3. Let t = w - -8. What are the prime factors of t?
2
Let f = -198 + 373. List the prime factors of f.
5, 7
Let b(g) = 15*g**2 + 4*g + 2. What are the prime factors of b(4)?
2, 3, 43
Suppose -5 = -s - 1, -q + 8 = 2*s. Suppose 4*l - d - 57 = q, 2*l + 4*d = 5*d + 31. List the prime factors of l.
13
Let c(r) = r**2 + 6*r - 1. Let s be c(-6). Let l = s + 9. List the prime factors of l.
2
List the prime factors of ((-2)/6*-8)/(3/261).
2, 29
Let g = -34 + 19. Let n be 276/g + 6/15. What are the prime factors of 1/(-6) - 273/n?
3, 5
Let n be (-1 - (-2)/10)*-5. List the prime factors of (-1)/n*(1 - 9).
2
List the prime factors of -3 + 8 + (-4 - -1).
2
Let g be 1/(-5) + (-189)/(-45). Suppose -g*s + 36 = -0*s. List the prime factors of s.
3
Let z be 1 + 0 - -1*2. Suppose -z*y - 12 = 0, l + y - 6 + 0 = 0. What are the prime factors of l?
2, 5
Suppose 0 = -9*j + 8*j + 4. Suppose 0 = -j*t + 112 - 16. List the prime factors of t.
2, 3
Let j = -37 + 67. What are the prime factors of j?
2, 3, 5
Let t be 1/1*(1 + 2). Suppose 2*a = -2*i + 18, 3*a - t*i + 2*i = 35. What are the prime factors of a?
11
Suppose 6*w + 16 - 94 = 0. What are the prime factors of w?
13
Suppose -23 = -r - 4*j, -41 = -2*r + 3*j - 6. Suppose 0 = u + 4*t + 8, -u - r + 6 = -t. Let m = u - -21. What are the prime factors of m?
3
Let q(i) = -2*i**3 - 2*i**2 + 7*i - 1. List the prime factors of q(-3).
2, 7
Suppose -l + 5*l = -16. Let x be (15/(-10))/(3/l). Suppose -20 = -x*c - 3*c. What are the prime factors of c?
2
Let i(w) = -w**3 - 9*w**2 - 7*w + 7. Let y be i(-8). List the prime factors of ((-16)/32)/(y/14).
7
Let z(l) = 2 - 1 - 3 - 3*l. What are the prime factors of z(-5)?
13
Let j(r) = -r**2 + 10*r + 7. List the prime factors of j(5).
2
Let j = -6 - -8. Suppose 0 = -4*u - 4 - 0, -j*h = 3*u - 41. What are the prime factors of h?
2, 11
Suppose 2*y - 111 - 47 = 0. List the prime factors of y.
79
Let n(s) = s**2 + s - 7. Let c be n(3). Suppose -2*b - 2*i + 54 = 0, b + b - 63 = -c*i. What are the prime factors of b?
2, 3
Suppose 3*r = -5*s - 37 + 3, -5*s = 5*r + 40. Let l be (-3 - -1) + (-6)/r. List the prime factors of (l/2 + 3)*2.
2, 3
Suppose 5*x = -13 + 103. Suppose x = 5*t - 7. List the prime factors of t.
5
Suppose -u - 2*u = -45. Let j be (-24)/1*(-2)/6. Let c = u - j. What are the prime factors of c?
7
Suppose 9 = -8*t - 7. Let s be 2/(-3) - (-34)/(-3). Let n = t - s. List the prime factors of n.
2, 5
Suppose -2*y = -2*s + 4, -2*s + s = -3*y + 2. What are the prime factors of y?
2
Let l(q) = q**2 - 7*q - 2. Let w be l(5). List the prime factors of 16/w*63/(-6).
2, 7
Let w be 3/2*(-450)/(-27). Suppose -5*i + w = 0, -3*y - 4*i + i + 45 = 0. List the prime factors of y.
2, 5
Suppose 11*a = 9*a + 144. What are the prime factors of a?
2, 3
Let v = 8 - 3. Let u = 21 + v. List the prime factors of u.
2, 13
Let z = 231 + -150. List the prime factors of z.
3
Suppose -5*m + 14 = -1. Suppose -m*c = c. Suppose c = -4*k - 20, -5*k + 70 = 5*g - 2*k. What are the prime factors of g?
17
Let p be 569/7 + 4/(-14). What are the prime factors of -5*(p/(-15))/1?
3
Suppose 12 + 9 = 3*t. Let r = t + -2. List the prime factors of r.
5
Suppose 0*f = y - 3*f + 21, -5*f = 5*y + 5. Suppose -3*d = 2*k - 26, -2*k - 4*d + 2 = -7*d. List the prime factors of ((-4)/y)/(k/84).
2
Suppose -m = -4*m + 15. Suppose -2*r = -0*u - 2*u + 18, -5*u - m*r + 75 = 0. What are the prime factors of u?
2, 3
Suppose 3*i + 5 = -2*q, -3*q - 21 = -i + 2*q. Suppose 5 = 2*v - i. What are the prime factors of v?
3
Let r(t) = 2*t + 1. Let o be 27/6*4/6. List the prime factors of r(o).
7
Let x = 8 + -17. Let l(n) = -n**2 + 11*n + 9. Let o be l(x). What are the prime factors of (-2)/5 + o/(-15)?
11
Suppose l + 3*l = 12. Suppose 13